221221110100
In base 5, what is 12323 + -24?
12244
In base 16, what is eea65 + -1?
eea64
In base 8, what is -6173 + -57?
-6252
In base 11, what is -88 + -724?
-801
In base 3, what is -120 - -221001222?
221001102
In base 14, what is 5 + 2b0a2?
2b0a7
In base 9, what is -2771185 + 2?
-2771183
In base 11, what is -1 + 9402?
9401
In base 4, what is -2103002 + 112?
-2102230
In base 9, what is 31 + -1520?
-1478
In base 13, what is 39 + 4a1?
50a
In base 2, what is 1111001011111001011111 - 0?
1111001011111001011111
In base 10, what is 430569 + 3?
430572
In base 3, what is 21 + 20100120?
20100211
In base 12, what is 7a39 - -7?
7a44
In base 16, what is 3 + -52167?
-52164
In base 8, what is -67454 - -3?
-67451
In base 4, what is -102 + 22012123?
22012021
In base 14, what is -776 - 16?
-78c
In base 12, what is 99 - 11b?
-42
In base 7, what is 3300 + 511?
4111
In base 12, what is 400 + 414?
814
In base 3, what is -202 + -211120121?
-211121100
In base 9, what is -8617813 + 3?
-8617810
In base 13, what is -953 + -17?
-96a
In base 14, what is -3137 - 4?
-313b
In base 9, what is 1057 + -260?
687
In base 15, what is -21 - -39c?
37b
In base 13, what is -507 - 35?
-53c
In base 10, what is 10 + -2935?
-2925
In base 16, what is 2 - -1170a?
1170c
In base 5, what is -30124100 - -4?
-30124041
In base 11, what is 35a - -2557?
2906
In base 10, what is 49449 + 0?
49449
In base 14, what is -cd874 - -4?
-cd870
In base 10, what is 6 + 74452?
74458
In base 9, what is 3272 - 15?
3256
In base 2, what is -101101011000 + -11?
-101101011011
In base 10, what is 6019 - -26?
6045
In base 15, what is -1a3 + -e?
-1b2
In base 13, what is 214a - 102?
2048
In base 4, what is 32 - -130323322?
130330020
In base 5, what is 0 + -12102?
-12102
In base 16, what is -5ce8 - -b7?
-5c31
In base 8, what is 57303 + 0?
57303
In base 4, what is 10 - -22300302?
22300312
In base 2, what is -1101100001011011 + 11000?
-1101100001000011
In base 6, what is 3 - -242151?
242154
In base 5, what is 2341 + -11324?
-3433
In base 9, what is 3 - 137?
-134
In base 2, what is -110101000 - 1110011010?
-10101000010
In base 10, what is 11209 - 5?
11204
In base 5, what is -300201 - 14?
-300220
In base 8, what is 3262 + 16?
3300
In base 2, what is 11 - 11001101000000?
-11001100111101
In base 3, what is 10 - -2102211011?
2102211021
In base 16, what is -12f + -636?
-765
In base 7, what is -3111034 + 4?
-3111030
In base 5, what is 10420 + -2111?
3304
In base 3, what is 10211 - 112100?
-101112
In base 16, what is -5bb9 - 4?
-5bbd
In base 13, what is -6c7ba + 14?
-6c7a6
In base 13, what is -9468 + -1?
-9469
In base 16, what is -25f - 86?
-2e5
In base 14, what is -31b7c + -4?
-31b82
In base 8, what is -7 + -21777?
-22006
In base 11, what is -3 + -908272?
-908275
In base 4, what is -122012111 - 2?
-122012113
In base 9, what is -7148 - 8?
-7157
In base 3, what is 1222 - -1111121002?
1111200001
In base 11, what is 2461 + 1?
2462
In base 8, what is -4 - -1347632?
1347626
In base 12, what is 137 + -1139?
-1002
In base 11, what is -207516 + 9?
-207508
In base 11, what is -7 - -15775?
15769
In base 5, what is -2 + -3041?
-3043
In base 12, what is 55157 + -3?
55154
In base 12, what is 784 + a8?
870
In base 9, what is 5 + -1235717?
-1235712
In base 15, what is 0 - -722c?
722c
In base 9, what is 13422 + -2?
13420
In base 13, what is 1 + -b133?
-b132
In base 3, what is 1221 - 10110?
-1112
In base 4, what is 1220013 - -2?
1220021
In base 12, what is -5 - 1b89?
-1b92
In base 3, what is 10012212001 - -100?
10012212101
In base 12, what is 33 + -5a?
-27
In base 7, what is 402 + -1305?
-603
In base 4, what is 1031 + -13303?
-12212
In base 11, what is -15722 + -4?
-15726
In base 9, what is 37786 - -1?
37787
In base 2, what is 10 + 1101110110100001101?
1101110110100001111
In base 13, what is -814ca + 5?
-814c5
In base 5, what is 1104121304 + -10?
1104121244
In base 11, what is 7232 + 3?
7235
In base 7, what is 4 - 621?
-614
In base 2, what is -1100110110100101000 + 100?
-1100110110100100100
In base 10, what is -4 - 89572?
-89576
In base 7, what is -111451 + -251?
-112032
In base 9, what is -5578 + -52?
-5641
In base 8, what is -40 - 2232?
-2272
In base 8, what is 0 - -753003?
753003
In base 7, what is 24561 + -1414?
23144
In base 8, what is -4754 - 156?
-5132
In base 10, what is 10782 - -45?
10827
In base 5, what is 22433132 - 3?
22433124
In base 8, what is -221504 + 1?
-221503
In base 10, what is 1344 - 299?
1045
In base 2, what is -1010 + 1010001001101?
1010001000011
In base 3, what is -11100100 + -11212?
-11112012
In base 4, what is 203 + 323020?
323223
In base 3, what is 100202201021 - -2?
100202201100
In base 8, what is -1166 - -135?
-1031
In base 6, what is -11045 - -13?
-11032
In base 3, what is 1 - 20212012220?
-20212012212
In base 9, what is 140 - 123?
16
In base 7, what is 35534 - -13?
35550
In base 15, what is -34 + -b18?
-b4c
In base 5, what is -11213 - -114?
-11044
In base 8, what is 36 + 50535?
50573
In base 9, what is 1817856 + -4?
1817852
In base 4, what is -10101131 - -233?
-10100232
In base 13, what is -7 + b27b?
b274
In base 14, what is 7200 - 1?
71dd
In base 3, what is 2101 - 1211122?
-1202021
In base 8, what is -225447 + 5?
-225442
In base 2, what is 1111110000 + -10110101011?
-110111011
In base 11, what is -5 - -10a15?
10a10
In base 6, what is 531155 - 0?
531155
In base 5, what is -10 - 10134440?
-10140000
In base 5, what is -4431 - -10331?
400
In base 10, what is 13446 + 100?
13546
In base 14, what is -5 + -28675c?
-286763
In base 7, what is 25403 - 36?
25334
In base 8, what is 0 + -32602?
-32602
In base 5, what is 1143 + -3024?
-1331
In base 12, what is -105 + -3873?
-3978
In base 12, what is 9462b - 8?
94623
In base 7, what is 60664 - -10?
61004
In base 16, what is -50 - -125?
d5
In base 6, what is -4442 + -15?
-4501
In base 6, what is -2 - -3151?
3145
In base 8, what is 34 - 2334?
-2300
In base 13, what is -1646 - -233?
-1413
In base 7, what is 11 - 3023620?
-3023606
In base 6, what is -1 + -30002?
-30003
In base 6, what is 2 - 11002122?
-11002120
In base 3, what is 12 + -1112112110?
-1112112021
In base 6, what is 3 - 255055?
-255052
In base 15, what is -85 - -3d4?
34e
In base 6, what is 1340042 - 205?
1335433
In base 9, what is 155747 + 3?
155751
In base 10, what is -49 + -6150?
-6199
In base 5, what is -12 - -22422?
22410
In base 14, what is 12 - c9?
-b7
In base 13, what is -6b + 2978?
290a
In base 8, what is -21 + -762?
-1003
In base 5, what is 24 + 112030?
112104
In base 12, what is 4 - 90b2a?
-90b26
In base 2, what is 11011110101110000 - 1?
11011110101101111
In base 13, what is -18 - 1252?
-126a
In base 13, what is 347 - -1b?
365
In base 16, what is 8 - -8cb?
8d3
In base 7, what is 42353 + -131?
42222
In base 11, what is 5 - 1a80a5?
-1a80a0
In base 3, what is -222210 - -2022021?
1022111
In base 13, what is b0a781 - 0?
b0a781
In base 13, what is 6a - -45b?
4c8
In base 5, what is 11312204 + -4?
11312200
In base 2, what is -101 + 1101100100011100011?
1101100100011011110
In base 11, what is -5 + 23362?
23358
In base 3, what is 2120210211221 - 1?
2120210211220
In base 3, what is -2201222 + 0?
-2201222
In base 4, what is -230 - 311?
-1201
In base 11, what is 4 - 4a07?
-4a03
In base 10, what is 1363 + 3071?
4434
In base 8, what is -36442 - -4?
-36436
In base 6, what is -3550103 - 11?
-3550114
In base 12, what is -5 - -3741b?
37416
In base 7, what is 4 - -431421?
431425
In base 16, what is -106f6 - -3?
-106f3
In base 7, what is 2052130 - 1?
2052126
In base 13, what is 417 + c6?
510
In base 13, what is -2b4 + -223?
-507
In base 13, what is -12b + 5228?
50ca
In base 7, what is -35 - -12300?
12232
In base 6, what is 110403 - 24?
110335
In base 9, what is 1 + -1741070?
-1741068
In base 3, what is -210 - -1021212101?
1021211121
In base 5, what is 1241 - 1011144?
-1004403
In base 7, what is 136505 - 5?
136500
In base 16, what is -7c0 + -173?
-933
In base 16, what is 167 - 57?
110
In base 2, what is 111010011000 - -110101?
111011001101
In base 8, what is -560120 - -1?
-560117
In base 6, what is -1 - 53234?
-53235
In base 8, what is -5 + 107067?
107062
In base 6, what is 4215 + -5?
4210
In base 11, what is -a34102 - -2?
-a34100
In base 5, what is -4423324 - 0?
-4423324
In base 7, what is -14 - -220221?
220204
In base 16, what i